Suppose 0 = 4*j - 4*k - k - 90, 4*k = 4*j - 92. Let r = j + -22. Suppose 0 = -u - 0*d + r*d + 101, -5*d + 169 = 2*u. List the prime factors of u.
2, 23
Let m = -390 + 42. Let g = 444 + m. List the prime factors of g.
2, 3
Let a be 1*2 - 2*3/6. Let u(k) = -k - 1 - 6 + a - 3*k**2 + 13*k**2. What are the prime factors of u(-4)?
2, 79
Suppose i - 5*o = -5, 3*i - 2*o + 10 = 8. Suppose 4*k - 612 + 296 = i. List the prime factors of k.
79
Let u(j) = -255*j - 3408. List the prime factors of u(-19).
3, 479
Let r = -245 + 288. Suppose -w = 6*o - 2*o - 12, 3 = o + 4*w. Suppose 0 = o*n - 5*x - 79, n - 4*x - x = r. List the prime factors of n.
2, 3
Let h be 0/3 - 8/(-2). Suppose h*x = 5*q + 541 - 1816, 3*x + 762 = 3*q. What are the prime factors of q?
7, 37
Let j(n) = n**2 + 2*n - 13. Let r = 16 + -13. Suppose r*b = -2*b + 3*x + 41, -3*b - 2*x + 17 = 0. List the prime factors of j(b).
2, 5
Let j(d) = -225*d - 76. Let g be j(-4). Suppose -4*z = -z - 4*m - g, 0 = -4*z - 3*m + 1082. What are the prime factors of z?
2, 17
Suppose -5*j - 2*z = -6*z - 20, 0 = -3*j - 5*z - 25. Suppose j = x - 5*x, -x - 5032 = -4*b. What are the prime factors of b?
2, 17, 37
List the prime factors of (7185 - -1) + (-610)/61.
2, 3, 13, 23
Let n(u) = -6*u**3 - 48*u**2 + 11*u - 54. List the prime factors of n(-15).
3, 17, 181
Let f(d) = 18*d**2 - 39*d + 530. List the prime factors of f(14).
2, 439
Let u(y) be the second derivative of 83*y**3/6 - 21*y**2/2 - 199*y. List the prime factors of u(9).
2, 3, 11
Let b(o) = o**3 + 25*o**2 + o + 25. Let s be b(-25). Let g = -6 + 8. Suppose -54 = -l - g*i, 0 = -s*i - i. List the prime factors of l.
2, 3
Let t(m) = 2*m**2 - 12*m - 5. Let j = 33 - 28. Let a be t(j). List the prime factors of 1 + 326/8 + a/(-60).
2, 3, 7
Let x be 20/5 - 0 - 35655/(-5). Suppose 29*t - x = 19632. List the prime factors of t.
13, 71
Suppose 2 = 5*s - 3. Let d be (4/(0 - 4))/(s/1). What are the prime factors of (12/30)/((d*2)/(-750))?
2, 3, 5
Suppose 11*w - 118034 = 115276. List the prime factors of w.
2, 3, 5, 7, 101
Suppose 27*j - 99594 = 48663. List the prime factors of j.
17, 19
Suppose 0 = 28*a - a - 135. Suppose -13*v - 629 = -14*v - a*m, -3*v + 3*m + 1977 = 0. What are the prime factors of v?
2, 3, 109
Suppose -2*s - 44 = 3*x, -59*x + 56*x + 2*s - 40 = 0. Let k(l) = 8*l**2 + 10*l + 145. List the prime factors of k(x).
11, 13
Suppose 8*c + 7 = 39. Suppose 163 = f - 3*m - 247, c*f - m = 1607. What are the prime factors of f?
401
Suppose 0*r - 13*r + 2*r = -24035. What are the prime factors of r?
5, 19, 23
Let k be (3 - 1)*-1*(-27)/6. Suppose -k*b + 6*b + 6 = 0. Suppose -b*i - 172 = -6*i. What are the prime factors of i?
43
Suppose -204 = 4*s - 4*t, 5*s - t = -122 - 149. Let x = s - -166. Suppose -4*n = -x - 329. What are the prime factors of n?
2, 5, 11
Let d = 17 + 5. Let y(m) = 6 + 1 + d - 15*m - 3. What are the prime factors of y(-15)?
251
Let y(w) = w**2 - 10*w - 22. Let c be y(11). Let k be 146/(-6)*(-2 - 1). Let p = k - c. List the prime factors of p.
2, 3, 7
Suppose 14 = 3*h - 5*z, -2*z = 3*h + h - 10. Suppose 12*o = -h + 39. Suppose -k - o*n = -8*n - 89, 4*n - 532 = -5*k. What are the prime factors of k?
2, 13
Let f = 80 + -85. Let j = f - -7. What are the prime factors of 193 + 2 - ((-4)/4 + j)?
2, 97
Let i(u) = -7173*u - 38. List the prime factors of i(-3).
21481
Suppose 11*k - 22193 = 92097. What are the prime factors of k?
2, 5, 1039
Let d = 10128 + -4440. What are the prime factors of d?
2, 3, 79
Let y = 9 + -4. Suppose 0*l = -y*l + 560. List the prime factors of l.
2, 7
List the prime factors of (-2)/(-28)*-4 + (-714135)/(-105).
3, 2267
Let g(o) = 143*o + 384. Let w be g(12). Suppose 9*y = w + 4515. List the prime factors of y.
3, 5, 7
Let v = 3903 - -77227. List the prime factors of v.
2, 5, 7, 19, 61
Suppose -14*m = 2*u - 71732, 34500 = 3*u + 2*m - 73231. List the prime factors of u.
5, 11, 653
Let l(j) = j - 55. Let c(h) = -h**2 + 4*h - 165. Let s(n) = 2*c(n) - 7*l(n). Let w be s(0). Let d = 69 - w. List the prime factors of d.
2, 7
Suppose 5*m + 10 = -0*m, -1534 = -4*p - 5*m. Let w = p - -35. List the prime factors of w.
421
Suppose 25*u - 83655 = 194527 - 43232. List the prime factors of u.
2, 37, 127
Let r be 3*5*(-6)/(-45). Suppose 3*c = -3*w - 180, 3*w - r*w + 60 = -3*c. Let s = 141 - w. List the prime factors of s.
3, 67
Let v(r) = 448*r**2 - 8*r - 16. Let k be v(-3). Suppose -4248 = -32*w + k. List the prime factors of w.
7, 37
Suppose -7*i + 4338 = -4*i + 2*h, -2903 = -2*i - 5*h. Suppose 22*q - i = 20*q. What are the prime factors of q?
2, 19
Suppose 5*a - 25 = 0, s - 15*a - 9298 = -11*a. What are the prime factors of s?
2, 3, 1553
Let r(m) = -m**3 + m - 8. Let h be r(3). Let j = h + 69. Suppose -38*b = -j*b - 210. What are the prime factors of b?
2, 3, 5, 7
Suppose -94*o + 1875069 + 459861 = -1128688. List the prime factors of o.
36847
Suppose 2*w - 4*a + 8*a = 14, -3*w = a - 16. Suppose 0 = 4*p - 2*c - 750, 861 + 59 = w*p + c. List the prime factors of p.
5, 37
Let c(n) = 1765*n**2 + 52*n + 275. List the prime factors of c(-5).
2, 5, 2207
What are the prime factors of -1 - ((-2 - 6 - -12) + 43476/(-2))?
103, 211
Suppose -2*b + 3*n + 2 = 7, -2*b = 5*n - 35. Let v(x) = 88*x - 51. List the prime factors of v(b).
389
Let u(i) = 405*i**2 + 36*i + 81. What are the prime factors of u(6)?
3, 19, 29
Let n(x) = -6*x**3 - 755*x**2 - 187*x - 404. What are the prime factors of n(-126)?
2, 29, 673
List the prime factors of 9852*(-9)/126*-28.
2, 3, 821
Suppose 0 = 68*f - f - 769093. List the prime factors of f.
13, 883
Let b(a) = 2*a + 18. Let x be b(21). Let n = x - 62. List the prime factors of (-33)/22*268/n.
3, 67
Let f(i) = i + 291. Let q be f(0). Let s be ((-11 - -1) + 606)/4. Suppose -2*u = -6*u - 5*c + q, c + s = 2*u. What are the prime factors of u?
2, 37
Suppose -3*y + 54*n - 56*n = -42877, -5*n + 71465 = 5*y. What are the prime factors of y?
31, 461
Suppose -324393 = -18*b - 118098 + 267123. List the prime factors of b.
3, 11, 797
Suppose -5*n + 2120 = 145. Let l = n - 176. What are the prime factors of l?
3, 73
Let x(b) = 24*b**3 - 6*b**2 + 4*b + 3. Let j(u) = 3*u - 9. Let v be j(4). What are the prime factors of x(v)?
3, 7, 29
Let t(f) = -2*f**2 + 53*f + 9178. List the prime factors of t(0).
2, 13, 353
Let m = 4660 - -35145. List the prime factors of m.
5, 19, 419
Suppose a = 16*a + 2685. Let h = a - -385. What are the prime factors of h?
2, 103
Let g(a) = -a**3 + 48*a**2 + 89*a + 19. Let x be g(47). Suppose -4*t - 5*b + x = 0, t - 6*t - b = -7998. List the prime factors of t.
3, 13, 41
Let n = 342 + -335. List the prime factors of n/14 - 175/(-10).
2, 3
Suppose -24 = 4*l, -2*l = -33*g + 28*g + 112597. List the prime factors of g.
11, 23, 89
Let s = 28732 - 24259. What are the prime factors of s?
3, 7, 71
Let h(o) = 1678*o**3 + 2*o**2 - 2*o - 1. Let f be h(1). Suppose -4*b + 2228 = 4*p, -3*b - 3*p + f = 2*p. List the prime factors of b.
2, 277
List the prime factors of (-2338)/4*(-42978)/1729.
3, 29, 167
Let f(n) = n**3 + 2*n**2 - 3*n - 3. Let x be f(-3). Suppose -2*q - 3*a = -6072, 15180 = 15*q - 10*q - a. List the prime factors of (-2)/x + q/36.
5, 17
Let f(c) = -c**3 - 2*c**2 - 24*c - 20. Let l be f(-7). Suppose -a + l - 11 = 0. What are the prime factors of a?
2, 191
Let o(w) = 2*w + 24. Let j be o(-9). Let s(x) = 0*x**2 + 0*x**2 + x**2 + 13 - 7*x. What are the prime factors of s(j)?
7
Suppose 925821 = 55*x + 395371 - 921495. What are the prime factors of x?
26399
Let f = 21969 - 4641. List the prime factors of f.
2, 3, 19
Let o(d) = 5*d - 4. Let w be o(5). Suppose -306*g - 78 = -345*g. What are the prime factors of (56/w)/(g/12)*1?
2
Let d = -51786 - 4023. What are the prime factors of d/(-265)*(6 + -1)?
3, 13
Let x(p) = -151*p**3 + p**2 + 3*p + 2. Suppose 20 - 21 = l. List the prime factors of x(l).
151
Let g(j) = -765*j**3 - j**2 - 10*j - 10. Let n be g(-1). Suppose -119 = -r - 3*c + 677, n = r - 5*c. List the prime factors of r.
2, 7
Let r(f) = -2*f**3 + 31*f**2 - 16*f + 9. Let u be r(15). Let y(m) = 14*m**2 + 49*m - 8. List the prime factors of y(u).
2, 101
Let o = -234 + 251. Let c = o - -96. What are the prime factors of c?
113
Let s(o) = -2*o**3 - 11*o**2 + 9*o - 30. Let n(l) = -l**3 + 1 + 6 + l**2 - 9 + 1. Let m(k) = 3*n